st common factor of z and m?
6
Suppose 4*j + 5*t = 3347, 343*j - 345*j = 2*t - 1670. Calculate the highest common factor of j and 144.
36
Suppose -19*f + 24*f = -3*i + 58, 4*f = -i + 24. Calculate the highest common factor of 31 and i.
1
Let s = -456 - -510. Let u be s/243 - (-538)/9. What is the highest common divisor of u and 40?
20
Let r be 2/4 + ((-138765)/(-30) - 19). Calculate the highest common divisor of r and 136.
17
Let l(s) = -2*s**2 + 111*s + 380. Let d be l(56). Let b(q) = 12*q**2 + q - 1. Let m be b(1). What is the greatest common divisor of d and m?
12
Let q(j) = -23*j - 45. Let k be q(-9). Suppose 0*n = 5*s - n - k, -s + n = -34. What is the highest common divisor of 8 and s?
8
Let s = 3 + -2. Let x be 7 - ((13 - 2) + -21). Let k = s + x. What is the greatest common divisor of k and 2?
2
Let i be 0 - (1302/(-8) + 3/4). Suppose 0 = 4*g - 4*w - 208, 19*w = 3*g + 17*w - 158. Calculate the greatest common divisor of g and i.
54
Let c be 11/(77/(-42)) - -3750. Let o be c/(-546)*(1 - 57). What is the highest common divisor of 24 and o?
24
Let t(l) = -7*l + 7. Let d = 142 - 145. Let b be t(d). What is the greatest common factor of b and 8?
4
Let r = -607 + 1129. Suppose -7*s = -309 - 97. What is the greatest common factor of s and r?
58
Suppose 3*v + n - 239 = 0, v - 790*n - 117 = -788*n. Let i = 338 - 202. What is the greatest common divisor of v and i?
17
Suppose 2862 = 248*a - 89*a. What is the highest common divisor of a and 1086?
6
Suppose 0*v = -3*b + 5*v + 74, 4*v = -b + 36. Let p be ((-336)/64)/((-12)/256). What is the highest common divisor of b and p?
28
Let v be (-4)/((-1)/(-123)*-3) + 4. Suppose -11*z = v - 1015. Calculate the greatest common divisor of z and 28.
7
Let c = -150 + 226. Suppose -5*w + 4*o - 9 = 7*o, 0 = 4*o + 12. Suppose w = 57*a - 66*a + 171. What is the greatest common factor of a and c?
19
Let q be (207/(-90))/23 - (79173/(-30) + 4). Calculate the highest common factor of 10 and q.
5
Let h be 2/3 - (-39)/9. Suppose -11 = -h*r + 4. Let y(p) = -p**3 + 10*p**2 + 5*p - 23. Let a be y(10). Calculate the highest common divisor of r and a.
3
Let x(y) = -73*y - 87. Let d(u) = -u**2 + 6*u - 7. Let v be d(6). Let g be x(v). Calculate the highest common divisor of 53 and g.
53
Let b = -646 + 940. What is the highest common divisor of 672 and b?
42
Suppose -4*g + 70 = -x + 4*x, 3*g + 4*x - 56 = 0. Let u be ((-1)/(-3)*g)/((-62)/(-6975)). What is the highest common divisor of 12 and u?
12
Let r(g) = -4*g**3 - g**2 - 9*g - 8. Let h be r(-1). Let d(p) = 20*p**2 + 2*p. Let x be d(-1). What is the highest common divisor of x and h?
2
Let f = 7329 - 3567. Calculate the highest common divisor of 1045 and f.
209
Suppose 3*a + 12 = 5*u, -2*u + 5 = -0*a - a. Calculate the greatest common factor of a and 509.
1
Let d be (-60)/((-96)/8) - 16*-52. Calculate the highest common divisor of d and 81.
27
Suppose 5*u - 230 = -5*a, 4*a + 0*u + 3*u - 179 = 0. Let o = 73 - a. What is the greatest common divisor of 160 and o?
32
Suppose -12*x + 2131 = -2609. Calculate the greatest common factor of 553 and x.
79
Let y = 3172 - -25044. Calculate the highest common divisor of 8 and y.
8
Suppose 206 = i + 5*w, -4*i - w = -933 + 185. Suppose 4*v = 4*p + 232, -4*v + 236 = -0*v - 3*p. What is the greatest common factor of i and v?
62
Suppose -24*x - x + 63367 = -55383. What is the greatest common factor of 40 and x?
10
Suppose -71 = -4*j + 3*j. Suppose 8*h - j = 41. Calculate the greatest common divisor of 70 and h.
14
Suppose 27*s - 2691 = -747. What is the greatest common divisor of s and 1384?
8
Let m be 2041/(-785) - (-22179)/15. What is the greatest common factor of 81 and m?
9
Let v = -22184 - -23234. What is the highest common factor of 812 and v?
14
Suppose -21*d + 1907 + 597 = -7366. Calculate the highest common factor of 2256 and d.
94
Suppose -l + 2*o + 6 = 0, -4*l + 2*l + 3*o + 14 = 0. Let q = -160 + 166. Suppose q*x + 51 = 111. What is the highest common factor of x and l?
10
Let p = 598 - 576. What is the greatest common factor of 1936 and p?
22
Let z be 0 - (7 - -233 - (4 - 0)). Let f = -215 - z. What is the highest common factor of 49 and f?
7
Let v = -6 - -6. Suppose v*h + 196 = -3*h - 5*y, h = -4*y - 77. Let w = -45 - h. Calculate the greatest common divisor of 24 and w.
12
Let u = 330 + -58. Suppose -10*o - 31 = 19. Let g = 29 - o. What is the greatest common factor of u and g?
34
Let x(n) = -n**3 - 34*n**2 + 396*n - 30. Let t be x(9). Calculate the highest common divisor of t and 14841.
51
Let a = 133 - 68. Suppose a = 5*j - 10. Let y(f) = -11*f**2 - 67*f. Let r be y(-5). Calculate the greatest common divisor of j and r.
15
Suppose -35*o + 23976 = 150*o - 37*o. What is the highest common factor of 11178 and o?
162
Suppose 6*z - 3*c = 3*z - 17151, 4*z + c = -22863. Let o be z/(-52) + 4/52. What is the highest common divisor of 90 and o?
10
Let w be (-1)/2*(-3 + -389)/2. Calculate the highest common factor of 448 and w.
14
Suppose -12*a + 46 = -14. Suppose -3 = -4*w + 5*w, a*j - 167 = -w. What is the greatest common factor of j and 85?
17
Suppose -3*w = 4*z - 1039, -3*z - 885 = -3*w + 168. Suppose -5*r + w = 49. Suppose -487 + 187 = -25*j. Calculate the highest common divisor of j and r.
12
Suppose 3*y - 11 = -4*i + 2*i, -i + 4 = y. Let q be 7 + 10*(1 - -1). What is the highest common divisor of y and q?
3
Suppose -x + 5*p + 66 = 0, 38 + 39 = 2*x + p. Let t(w) = w**2 - 227*w + 2823. Let m be t(13). Calculate the greatest common factor of x and m.
41
Let i be (-75)/(-6)*(-4)/(-10). Suppose -2*g = j - 1, i*j - g - 4*g - 35 = 0. Let q = 3 - 2. What is the highest common divisor of j and q?
1
Let k = -17369 - -17431. Calculate the greatest common factor of 2077 and k.
31
Let s be 6*(56/12)/7. Suppose 5*j = 4*t + 5, -3*t + s*t = 4*j - 4. Suppose -5*m + 1 = p, -m - 3*m - 8 = t. Calculate the highest common divisor of p and 33.
11
Let r be 1 + 8 - (-14 + 18). Suppose 5*l - 730 = f, -3*l - f + 409 = -21. Calculate the greatest common divisor of r and l.
5
Let m = 37 + -31. Suppose 198 = m*q + 3*q. Suppose 21*u - q*u + 85 = 0. Calculate the greatest common factor of u and 34.
17
Let m(r) = -2*r**3 + 162*r**2 + 10*r - 782. Let c be m(81). Suppose -4*x + x = -42. Let v be (x/4)/(1/24). Calculate the greatest common factor of v and c.
28
Suppose -4 + 19 = 3*b, -2353 = -3*m + b. Let a = -730 + m. Calculate the greatest common divisor of 280 and a.
56
Let l be (0 - (-210)/77)/(2/22). Suppose -2*c + c - 10 = 0. Let o be 30*((-4)/c)/1. Calculate the highest common factor of o and l.
6
Suppose -3*a + 14 = -7. Suppose w = -k + 15, 93 = -4*w + 9*w - 4*k. Suppose -w*l = -14*l - 147. Calculate the highest common divisor of a and l.
7
Let d be (-182)/2*(-722)/2527. What is the highest common divisor of d and 4992?
26
Let z be 643 - 90/(23 + -14). What is the greatest common factor of 3 and z?
3
Suppose 418 = -49*y + 68*y. Suppose 3*a = -3*o + 438, 5*o + 19*a - y*a - 706 = 0. What is the highest common factor of 52 and o?
13
Let h(q) = -2*q**3 + 14. Let s be (8 + -8)/((-1)/((-3)/(-6))). Let k be h(s). Calculate the highest common factor of k and 56.
14
Suppose 14*t - 17355 = -2865. What is the highest common divisor of 6 and t?
3
Suppose 2*p - 4*l = 364, -4*l = -12*p + 7*p + 910. Calculate the greatest common factor of 377 and p.
13
Let l(d) = 57*d + 495. Let c be l(-6). What is the greatest common divisor of 10251 and c?
153
Let k(b) = 7*b**2 + 11*b + 66. Let n be k(-11). Suppose 0 = 6*t + 264 - n. What is the highest common divisor of t and 8?
8
Suppose -97 = -2*r + a, -5*a = 4*r - 171 - 44. What is the highest common factor of r and 8650?
50
Let x be 1*(1 - 2) - (-1 - 3). Let l(k) = k**2 - 2*k - 1. Let w be l(x). Calculate the greatest common factor of w and 118.
2
Let v(o) = 11*o**2 - 18*o - 50. Suppose 38*w - 88 = 60*w. Let t be v(w). What is the highest common divisor of t and 12?
6
Let j be (1 - 116)/(370/(-888)). Suppose -4*l + l + 36 = 0. Calculate the highest common divisor of j and l.
12
Suppose 0 = -3*s + 30 + 432. Suppose -n - 11 = -2*n - 5*a, -n = 2*a - 8. Suppose n*j - 182 = -7*j. Calculate the highest common factor of s and j.
14
Suppose -t = -4*v + 41, v + 4*t - 21 = 2. Suppose 34 = v*h - 54. What is the highest common divisor of 